, 1759
What are the prime factors of 2257731872?
2, 11, 1181, 5431
List the prime factors of 55958304.
2, 3, 582899
List the prime factors of 289945131.
3, 7, 631, 21881
What are the prime factors of 742956528?
2, 3, 15478261
What are the prime factors of 199400375?
5, 29, 67, 821
What are the prime factors of 22788158?
2, 1061, 10739
What are the prime factors of 114619099?
7, 83, 197279
What are the prime factors of 129590315?
5, 25918063
What are the prime factors of 4279378675?
5, 11, 13, 1197029
What are the prime factors of 421162173?
3, 5199533
List the prime factors of 308370258.
2, 3, 7, 103, 23761
List the prime factors of 17808111.
3, 19, 223, 467
What are the prime factors of 998252?
2, 249563
List the prime factors of 541538420.
2, 5, 2579, 10499
List the prime factors of 1610857409.
7, 32874641
What are the prime factors of 28879193?
7, 107, 38557
List the prime factors of 121910363.
397, 307079
List the prime factors of 4203266025.
3, 5, 7, 8006221
What are the prime factors of 19965389?
401, 49789
List the prime factors of 83291993.
17, 23, 213023
List the prime factors of 16768345.
5, 11, 304879
List the prime factors of 1511709709.
29, 52127921
List the prime factors of 41523456.
2, 3, 13, 4159
List the prime factors of 3802755823.
17, 1229, 182011
What are the prime factors of 396143712?
2, 3, 29, 47431
List the prime factors of 740659878.
2, 3, 7, 1933, 3041
List the prime factors of 49133868.
2, 3, 7, 83561
List the prime factors of 4739677356.
2, 3, 37, 10674949
List the prime factors of 137223802.
2, 41, 1673461
List the prime factors of 73673960.
2, 5, 1841849
What are the prime factors of 4693194674?
2, 7, 19, 73, 101, 2393
What are the prime factors of 20665227?
3, 11, 56929
List the prime factors of 334383801.
3, 67, 71, 23431
What are the prime factors of 131593082?
2, 127, 518083
List the prime factors of 1383418063.
19, 3832183
What are the prime factors of 675035578?
2, 7, 367, 131381
What are the prime factors of 51069703?
51069703
What are the prime factors of 7406848350?
2, 3, 5, 11, 613, 2441
What are the prime factors of 5254121809?
79, 66507871
List the prime factors of 186509083.
823, 226621
List the prime factors of 1528793196.
2, 3, 7, 18199919
List the prime factors of 55707122.
2, 2221, 12541
List the prime factors of 4805440749.
3, 37, 1603417
List the prime factors of 2299443857.
43313, 53089
List the prime factors of 103365350.
2, 5, 11, 71, 2647
List the prime factors of 305458737.
3, 17, 1201, 4987
What are the prime factors of 94539704?
2, 7, 53, 601
List the prime factors of 2603897519.
2603897519
What are the prime factors of 104328522?
2, 3, 5796029
What are the prime factors of 1441344601?
21661, 66541
What are the prime factors of 424256503?
11, 89, 433357
What are the prime factors of 69508137?
3, 19, 401, 3041
What are the prime factors of 905521276?
2, 11, 37, 149, 3733
List the prime factors of 640469075.
5, 37, 692399
What are the prime factors of 4512761147?
419, 10770313
What are the prime factors of 59967668?
2, 14991917
What are the prime factors of 75121754?
2, 37560877
List the prime factors of 152385866.
2, 76192933
What are the prime factors of 463139849?
463139849
List the prime factors of 67073191.
101, 664091
List the prime factors of 28691925.
3, 5, 23, 16633
What are the prime factors of 1277108941?
1277108941
List the prime factors of 691474.
2, 7, 49391
What are the prime factors of 450928080?
2, 3, 5, 191, 1093
List the prime factors of 64370668.
2, 16092667
List the prime factors of 102120762.
2, 3, 1531, 11117
What are the prime factors of 195616734?
2, 3, 32602789
List the prime factors of 42116258.
2, 21058129
List the prime factors of 913668278.
2, 643, 710473
What are the prime factors of 287055044?
2, 71763761
List the prime factors of 697030792.
2, 137, 635977
What are the prime factors of 1309648539?
3, 239, 1826567
List the prime factors of 68026698.
2, 3, 3779261
What are the prime factors of 53699990?
2, 5, 5369999
What are the prime factors of 3968651033?
61, 65059853
List the prime factors of 860029536.
2, 3, 8958641
What are the prime factors of 78543297?
3, 7, 53, 7841
List the prime factors of 173693755.
5, 34738751
What are the prime factors of 117891155?
5, 193, 122167
List the prime factors of 373709529.
3, 2833, 14657
List the prime factors of 695395485.
3, 5, 127, 271, 449
What are the prime factors of 103725648?
2, 3, 13, 67, 827
List the prime factors of 123925959.
3, 13769551
List the prime factors of 114165224.
2, 19, 751087
List the prime factors of 338996477.
43, 47, 59, 2843
What are the prime factors of 15176143?
31, 489553
What are the prime factors of 284156501?
47, 6045883
What are the prime factors of 64119535?
5, 12823907
What are the prime factors of 168765775?
5, 6750631
List the prime factors of 70306000.
2, 5, 35153
List the prime factors of 130422535.
5, 23, 67, 16927
What are the prime factors of 194078366?
2, 97039183
What are the prime factors of 55518588?
2, 3, 514061
List the prime factors of 76965129.
3, 977, 8753
List the prime factors of 1918704387.
3, 639568129
What are the prime factors of 208347996?
2, 3, 19, 283, 3229
List the prime factors of 733272069.
3, 2633, 92831
What are the prime factors of 103292147?
7, 2108003
What are the prime factors of 5292404164?
2, 17, 61, 1275893
What are the prime factors of 6846960?
2, 3, 5, 47, 607
List the prime factors of 119784666.
2, 3, 19964111
List the prime factors of 105831247.
313, 338119
List the prime factors of 385590312.
2, 3, 5355421
List the prime factors of 663460768.
2, 17, 71741
What are the prime factors of 642251334?
2, 3, 47, 2277487
What are the prime factors of 6335284545?
3, 5, 113, 1245877
List the prime factors of 32016107.
32016107
What are the prime factors of 6354734?
2, 937, 3391
What are the prime factors of 2558967778?
2, 1279483889
What are the prime factors of 2062807777?
347, 5944691
List the prime factors of 26321737.
13, 619, 3271
List the prime factors of 121927364.
2, 13, 193, 12149
List the prime factors of 2024088670.
2, 5, 359, 563813
List the prime factors of 7294421948.
2, 11, 17, 149, 65449
List the prime factors of 145360802.
2, 439, 165559
List the prime factors of 1317050287.
7, 188150041
List the prime factors of 353646314.
2, 7, 71, 5011
List the prime factors of 26347093.
17, 1231, 1259
List the prime factors of 76448218.
2, 7, 11, 17, 29201
List the prime factors of 5662776080.
2, 5, 13, 233, 23369
List the prime factors of 4125028416.
2, 3, 1531, 14033
What are the prime factors of 446192475?
3, 5, 2161, 2753
List the prime factors of 69360312.
2, 3, 7, 412859
What are the prime factors of 48420829?
48420829
What are the prime factors of 1420769153?
31, 5939, 7717
What are the prime factors of 216633136?
2, 19, 23, 30983
List the prime factors of 6807324252.
2, 3, 567277021
List the prime factors of 11007730.
2, 5, 1100773
What are the prime factors of 1584125762?
2, 43, 18420067
List the prime factors of 2739674188.
2, 683, 1002809
What are the prime factors of 716968856?
2, 29, 3090383
List the prime factors of 59216354.
2, 37, 800221
What are the prime factors of 615935277?
3, 677, 101089
What are the prime factors of 7425711833?
82529, 89977
List the prime factors of 178757434.
2, 19, 37, 127139
What are the prime factors of 2844575?
5, 113783
What are the prime factors of 1385137943?
7, 19, 10414571
What are the prime factors of 528429691?
19, 359, 77471
What are the prime factors of 1593145913?
1593145913
What are the prime factors of 25485930?
2, 3, 5, 199, 1423
List the prime factors of 75531604.
2, 683, 27647
What are the prime factors of 3853618442?
2, 3623, 531827
What are the prime factors of 70077755?
5, 11, 115831
What are the prime factors of 1675879511?
787, 1163, 1831
What are the prime factors of 798585049?
26539, 30091
List the prime factors of 50621264.
2, 31, 102059
What are the prime factors of 49703750?
2, 5, 17, 2339
List the prime factors of 5928731057.
5928731057
List the prime factors of 150356108.
2, 7, 109589
What are the prime factors of 272752142?
2, 13, 487, 1657
What are the prime factors of 1475144376?
2, 3, 23, 2672363
List the prime factors of 99668746.
2, 49834373
What are the prime factors